 what is 585a3d - -5?
585a43
In base 6, what is -252 + -2224?
-2520
In base 6, what is 152351233 - -3?
152351240
In base 5, what is 11123310421 + 11?
11123310432
In base 16, what is ad244 - 5?
ad23f
In base 16, what is 7c - d83a3?
-d8327
In base 7, what is -1010210 + 33?
-1010144
In base 12, what is -80 + -a2939?
-a29b9
In base 12, what is 1980 - -167b2?
18572
In base 9, what is 4 + -6726375?
-6726371
In base 8, what is -3465207 + 636?
-3464351
In base 13, what is 4b3 - -10a78?
1125b
In base 13, what is -71817b + -9?
-718187
In base 16, what is 9f3 - 265cb?
-25bd8
In base 13, what is -157a0878 + 2?
-157a0876
In base 14, what is -705 - -3151b?
30c16
In base 13, what is -65506 + -26?
-6552c
In base 5, what is 4303442 - 1223?
4302214
In base 11, what is 1a0 - 16992?
-167a2
In base 12, what is -1996 - 726?
-2500
In base 6, what is -1444 - 22214353?
-22220241
In base 13, what is 2 - 6380cc?
-6380ca
In base 13, what is 32a405 + -8?
32a3ca
In base 11, what is 6671543 + 2?
6671545
In base 13, what is 3 - -49034c5?
49034c8
In base 4, what is 31 + 211002000?
211002031
In base 8, what is 270353571 - -3?
270353574
In base 13, what is 23b - -6598?
6806
In base 15, what is -592 - -286d?
22cb
In base 10, what is -5698502 - 2?
-5698504
In base 8, what is -1 + 4776153?
4776152
In base 13, what is 0 - 2a683b8?
-2a683b8
In base 5, what is 320 - -1313042044?
1313042414
In base 15, what is 26be71 + 5?
26be76
In base 14, what is 9236c9 - 1?
9236c8
In base 6, what is 3225 + 533054?
540323
In base 8, what is 5 + 152564443?
152564450
In base 6, what is 3231211 - -131?
3231342
In base 2, what is 100 + -1010110101010011010?
-1010110101010010110
In base 3, what is 120022002 + 2022002?
122121011
In base 14, what is 1c68c58 - -1?
1c68c59
In base 5, what is 1204133412 + -32?
1204133330
In base 3, what is 21 - 202211112222200?
-202211112222102
In base 12, what is b8a74 + 1139?
b9bb1
In base 9, what is 317143442 + 1?
317143443
In base 4, what is 221231102 - -12000?
221303102
In base 6, what is 1043421305 - -1?
1043421310
In base 3, what is -21221011022112 + 10102?
-21221011012010
In base 13, what is 26b50c7 + -11?
26b50b6
In base 15, what is 153a - 24047?
-22a0c
In base 12, what is 7458287 + 0?
7458287
In base 3, what is 1200102011122 + -2000120?
1200100011002
In base 7, what is 1101241 - -243?
1101514
In base 8, what is -230611 + -3013?
-233624
In base 10, what is 32792 + 3028?
35820
In base 3, what is 1022002102 + 2212?
1022012021
In base 15, what is -31ab33 + 3?
-31ab30
In base 12, what is -20121 - 268?
-20389
In base 7, what is 20100301 - 20?
20100251
In base 5, what is 12221 - -14333423?
14401144
In base 7, what is -16142403426 - 5?
-16142403434
In base 7, what is 3 - 66341211?
-66341205
In base 12, what is -4a67 + 27303?
22458
In base 4, what is -12001022200122 - 3?
-12001022200131
In base 14, what is -11c0169 - -4?
-11c0165
In base 13, what is -a6333 - -cc?
-a6234
In base 4, what is -20 + 11033331202020?
11033331202000
In base 3, what is 1020110201111 + 10?
1020110201121
In base 9, what is 723 - 263523?
-262700
In base 6, what is 1231 - -15153025?
15154300
In base 9, what is -17 + 1145032?
1145014
In base 3, what is 1001 + 2000200011000?
2000200012001
In base 7, what is -1 - 243410103?
-243410104
In base 13, what is -33a468 - 22?
-33a48a
In base 2, what is 10011101 - -110111101010111?
110111111110100
In base 16, what is -6a33 - 4106?
-ab39
In base 12, what is -15b6 + -1894?
-328a
In base 9, what is 54 + 5660047?
5660112
In base 8, what is -67330224 + 0?
-67330224
In base 6, what is -33412 + 10215?
-23153
In base 14, what is -1c + ca424?
ca406
In base 14, what is -80 + -2ac1?
-2b61
In base 6, what is 10 - 543115312?
-543115302
In base 6, what is 133432 - 3224?
130204
In base 16, what is 202c2 + 5a?
2031c
In base 6, what is -1342413 + 432?
-1341541
In base 14, what is -11a2d - -621b?
-9812
In base 10, what is -13462369 + -5?
-13462374
In base 9, what is -88721208 - -18?
-88721180
In base 15, what is 54 + -ddad?
-dd59
In base 14, what is 4cdc935 + -4?
4cdc931
In base 5, what is -214444 - -103224?
-111220
In base 2, what is 10100101001111111010111 - -1000?
10100101001111111011111
In base 5, what is 12444134 + 11124?
13010313
In base 12, what is 14 + -706808?
-7067b4
In base 6, what is 1251 + -105135?
-103444
In base 14, what is 88a7 - -901?
93a8
In base 6, what is -1015014013 + 50?
-1015013523
In base 14, what is 574 - -1c46a?
1ca00
In base 9, what is 818 - 832?
-13
In base 15, what is -282 + -81a0?
-8432
In base 16, what is 23 - 19d6d?
-19d4a
In base 5, what is 112 + 1022244?
1022411
In base 16, what is -5 + 7d319f?
7d319a
In base 3, what is -1 - 111022121101012?
-111022121101020
In base 10, what is 2 + -259093171?
-259093169
In base 14, what is -1088bc0 + 8b?
-1088b33
In base 4, what is -1010 - -202211202?
202210132
In base 7, what is -350 + 360406?
360026
In base 10, what is 6168116 + 5?
6168121
In base 8, what is -4373735 + -1434?
-4375371
In base 7, what is 51132 - -1156?
52321
In base 11, what is 17a890 + -155?
17a736
In base 6, what is 0 - -3543034?
3543034
In base 7, what is -1101 - 116522?
-120623
In base 13, what is -4c1890 + -5?
-4c1895
In base 15, what is 78598d + 37?
7859c5
In base 16, what is 1ff89 + -176?
1fe13
In base 3, what is -2201122 - -22002000?
12100101
In base 15, what is 55a17d - 44?
55a139
In base 12, what is -40b5b + 126?
-40a35
In base 7, what is -522024 - -350?
-521344
In base 13, what is 4b - -14b755?
14b7a3
In base 15, what is -2e - cd73?
-cda2
In base 11, what is -14a + -133?
-282
In base 5, what is 2224242102402 + 0?
2224242102402
In base 15, what is -8243d - 23?
-82461
In base 11, what is 45429 - 24?
45405
In base 11, what is -41 + 80407a?
804039
In base 9, what is 787 + 65307?
66205
In base 2, what is -1101011110000000 + -11011010?
-1101100001011010
In base 14, what is -2825 - 663?
-3088
In base 16, what is 1e010 - -203?
1e213
In base 3, what is -12 + 121220200022220?
121220200022201
In base 16, what is 269419 + b?
269424
In base 11, what is -3 - 8a1a?
-8a22
In base 11, what is -5256272 - -2?
-5256270
In base 15, what is 357ee - 35?
357b9
In base 2, what is -11 - 1111011011100111000101000?
-1111011011100111000101011
In base 2, what is -1010000001010 + 11010000?
-1001100111010
In base 14, what is -434c84 + 1d?
-434c65
In base 6, what is -145305 + -1401?
-151110
In base 5, what is -4314433 + 3244?
-4311134
In base 3, what is 2 - -112201120221?
112201121000
In base 4, what is -1130031 - 122301?
-1312332
In base 10, what is -96621 + 6189?
-90432
In base 13, what is 10b5042 - 36?
10b5009
In base 12, what is 273407 - -19?
273424
In base 12, what is 1ab21842 + -3?
1ab2183b
In base 15, what is -20b25 - -1c?
-20b08
In base 14, what is -193 - -a6d1?
a53c
In base 5, what is 20211 - -124034012?
124104223
In base 13, what is 87 - 14320?
-14266
In base 12, what is 9245 - 848?
85b9
In base 3, what is -2200012001020021 + 12?
-2200012001020002
In base 14, what is 63d76 + 10?
63d86
In base 3, what is -10121121012220 + 202?
-10121121012011
In base 2, what is 10100101 + -10001011110010100100?
-10001011101111111111
In base 2, what is -100111001 - -11101100111111011?
11101100011000010
In base 14, what is -2a + -46679?
-466a5
In base 13, what is 87 - 7a170?
-7a0b6
In base 13, what is c3 + -51147?
-51054
In base 4, what is 200002131123 - -3?
200002131132
In base 12, what is -1701518 + a?
-170150a
In base 5, what is -1034133 + -3131144?
-4220332
In base 4, what is -111300320133 - 10?
-111300320203
In base 9, what is 205 - 14240?
-14034
In base 14, what is c15170c + 3?
c151711
In base 10, what is 189 - 71068?
-70879
In base 6, what is -45355124253 + -5?
-45355124302
In base 12, what is -36405800 - 5?
-36405805
In base 16, what is 43215f - 3?
43215c
In base 13, what is 3699 + -26b50?
-23484
In base 13, what is ccb4 + -4b?
cc66
In base 4, what is -130232 + -13302010?
-20032302
In base 8, what is -24544 - 3123?
-27667
In base 2, what is -111011011111000010100100000 - 1?
-111011011111000010100100001
In base 4, what is -3 - -2002133120021?
2002133120012
In base 12, what is 20a62 - b95?
1ba89
In base 15, what is -6b649 - -174?
-6b4c5
In base 5, what is 214 + -122204404?
-122204140
In base 4, what is 100 - 100000031301?
-100000031201
In base 6, what is 1305 + 254222?